9739.
409
Calculate the highest common factor of 855 and 54549.
171
Calculate the greatest common divisor of 546 and 94318.
14
Calculate the highest common factor of 1 and 17203.
1
Calculate the highest common factor of 495 and 7860.
15
What is the highest common factor of 434 and 83566?
14
Calculate the highest common divisor of 105558 and 8194.
482
What is the highest common divisor of 1412532 and 22?
22
What is the highest common divisor of 4785 and 2640?
165
Calculate the greatest common factor of 16820 and 5945.
145
Calculate the highest common factor of 798856 and 915.
61
What is the highest common divisor of 15808 and 1417?
13
Calculate the greatest common divisor of 209721 and 318.
159
What is the highest common divisor of 645438 and 18?
6
Calculate the greatest common factor of 475803 and 522.
261
Calculate the highest common divisor of 8631 and 63431.
137
Calculate the greatest common factor of 1950 and 9850.
50
What is the highest common factor of 8519 and 5327?
7
What is the highest common divisor of 282 and 231522?
282
What is the greatest common divisor of 2460012 and 348?
348
Calculate the greatest common divisor of 105 and 5214.
3
What is the greatest common factor of 4446662 and 22?
22
What is the greatest common divisor of 66676 and 8440?
844
What is the highest common divisor of 864 and 19792?
16
What is the greatest common factor of 7658 and 1134?
14
What is the highest common divisor of 138 and 1242?
138
What is the greatest common divisor of 3477 and 771?
3
Calculate the highest common factor of 5189370 and 205.
205
What is the greatest common factor of 1028094 and 1272?
318
What is the highest common factor of 2376 and 456786?
594
Calculate the highest common factor of 404 and 1303102.
202
Calculate the greatest common factor of 452320 and 9252.
1028
Calculate the highest common factor of 135 and 6570.
45
Calculate the highest common factor of 435400 and 20.
20
What is the greatest common factor of 195 and 8100?
15
Calculate the highest common factor of 1883220 and 60.
60
Calculate the highest common divisor of 36 and 234.
18
Calculate the greatest common divisor of 3016 and 18328.
232
What is the highest common factor of 15152 and 1903470?
1894
What is the greatest common factor of 110 and 631070?
110
Calculate the greatest common factor of 96 and 9228.
12
What is the highest common factor of 15886 and 182?
26
Calculate the greatest common divisor of 1134 and 119232.
162
What is the highest common divisor of 101 and 290779?
101
What is the highest common factor of 506 and 1702?
46
Calculate the greatest common divisor of 4039 and 7.
7
Calculate the highest common factor of 4023 and 52083.
27
What is the highest common factor of 16276917 and 87?
87
Calculate the highest common factor of 265 and 14681.
53
Calculate the greatest common factor of 11256 and 7772.
268
Calculate the highest common divisor of 3553 and 130834.
209
Calculate the greatest common divisor of 536741 and 204.
17
What is the highest common divisor of 9711900 and 54?
54
Calculate the highest common factor of 2245 and 71391.
449
Calculate the greatest common factor of 31943 and 119.
17
Calculate the highest common factor of 14176 and 10400.
32
What is the highest common divisor of 163410 and 12090?
390
Calculate the highest common factor of 8664 and 5738.
38
Calculate the highest common divisor of 91923 and 741.
39
What is the greatest common divisor of 21 and 22988?
7
What is the highest common divisor of 18 and 4086?
18
Calculate the highest common divisor of 750 and 635625.
375
Calculate the greatest common factor of 5688 and 3002.
158
What is the highest common factor of 94304 and 4256?
224
What is the greatest common factor of 5452 and 638?
58
What is the greatest common divisor of 238 and 1916614?
238
Calculate the highest common divisor of 11607 and 477.
159
What is the greatest common divisor of 12506 and 37?
37
What is the greatest common factor of 1888627 and 917?
131
What is the highest common factor of 2202 and 1374782?
734
What is the highest common factor of 14146 and 55?
11
Calculate the highest common divisor of 168 and 167048.
56
What is the greatest common factor of 58455 and 945?
135
Calculate the greatest common divisor of 27995 and 3355.
55
Calculate the highest common divisor of 1742 and 338.
26
What is the greatest common factor of 192096 and 864?
288
Calculate the greatest common divisor of 25123 and 3395.
679
What is the highest common factor of 80 and 38768?
16
Calculate the highest common factor of 5280 and 4268.
44
Calculate the highest common divisor of 6630 and 2910.
30
What is the greatest common divisor of 8968 and 18644?
236
Calculate the greatest common factor of 5346 and 1212084.
486
What is the greatest common factor of 27246 and 127626?
1434
Calculate the highest common factor of 1177 and 1529.
11
Calculate the highest common divisor of 346 and 51035.
173
What is the greatest common factor of 52 and 51116?
52
What is the greatest common factor of 2136 and 69064?
712
Calculate the greatest common divisor of 1736 and 40.
8
What is the highest common divisor of 2534 and 1810?
362
Calculate the highest common divisor of 1262 and 76351.
631
What is the greatest common factor of 17941 and 3542?
77
What is the highest common divisor of 1991 and 9625?
11
What is the greatest common divisor of 630 and 54465?
15
Calculate the highest common divisor of 48 and 34824.
24
What is the greatest common factor of 146 and 223453?
73
What is the greatest common factor of 312 and 264?
24
What is the greatest common factor of 1135393 and 122?
61
Calculate the greatest common factor of 62 and 221247.
31
What is the highest common divisor of 25723 and 116?
29
Calculate the greatest common divisor of 42 and 10122.
42
What is the greatest common divisor of 204 and 200481?
51
Calculate the highest common divisor of 26850 and 275.
25
What is the highest common factor of 10355 and 27683?
19
What is the highest common factor of 149 and 284143?
149
What is the greatest common divisor of 1462 and 918?
34
Calculate the greatest common factor of 3336076 and 356.
356
Calculate the highest common divisor of 14123 and 20941.
487
What is the greatest common divisor of 2352 and 4272?
48
What is the highest common divisor of 121 and 840829?
121
What is the greatest common factor of 1955 and 41630?
115
What is the greatest common divisor of 64 and 13198?
2
What is the highest common factor of 107063 and 55?
11
What is the greatest common factor of 212715 and 609?
87
What is the highest common divisor of 1217081 and 17?
17
Calculate the highest common divisor of 62 and 59582.
62
Calculate the highest common divisor of 10290 and 11270.
490
Calculate the highest common factor of 49606 and 51.
17
Calculate the highest common factor of 201 and 256342.
67
What is the highest common factor of 3928 and 8347?
491
What is the greatest common factor of 7056 and 101328?
48
What is the highest common factor of 2730 and 25766?
26
Calculate the greatest common divisor of 32 and 3144.
8
Calculate the greatest common factor of 744 and 146712.
24
Calculate the greatest common divisor of 1470 and 15855.
105
What is the highest common divisor of 315 and 76635?
45
What is the highest common divisor of 20826 and 10062?
234
What is the highest common factor of 284 and 27548?
284
What is the highest common factor of 7345 and 10?
5
Calculate the greatest common factor of 126495 and 30.
15
Calculate the greatest common factor of 21364 and 327.
109
Calculate the greatest common factor of 10503 and 63.
9
What is the greatest common factor of 1820 and 2093?
91
Calculate the highest common divisor of 14085 and 45.
45
Calculate the greatest common factor of 29 and 16710119.
29
Calculate the highest common divisor of 1852194 and 6.
6
Calculate the greatest common divisor of 618 and 36359.
103
Calculate the greatest common divisor of 21 and 1509.
3
What is the highest common factor of 3159 and 1625?
13
What is the highest common divisor of 286 and 697125?
143
Calculate the greatest common divisor of 2325 and 7440.
465
Calculate the highest common divisor of 20640 and 6450.
1290
What is the greatest common divisor of 4592603 and 179?
179
What is the greatest common factor of 32 and 7057